5. Let v(q) = -6*q**2 + 3*q**2 + 2 - q + 0*q**2. Give v(w).
-8
Let x(g) = -g + 5. Let z be x(6). Let f(n) = -13*n - 15*n + 1 + 25*n. What is f(z)?
4
Suppose 42 = -15*v + 9*v. Let x(w) = -w**2 - 9*w - 9. Determine x(v).
5
Let k(p) = p**3 + 7*p**2 + 6*p + 4. Let w = 940 - 947. What is k(w)?
-38
Let p(t) be the first derivative of -t**4/4 - 8*t**3/3 - t**2 - 19*t + 186. Calculate p(-8).
-3
Suppose 4*k + 2*w = -16, 2 = 3*k - 3*w + 5. Let f = 8 + k. Let b(s) = s**2 + 3*s - f*s + 3*s. What is b(2)?
6
Suppose 0 = -5*v + 4*h + 21, -3*h + 18 = 3*v - 0*h. Suppose -9 = -4*s - 3*w + 5, 0 = -v*s - 3*w + 16. Let y(i) = -2 + 3 + 4*i - 2*i - 7*i. Determine y(s).
-9
Suppose 1472*m - 1460*m = 24. Let d(k) be the second derivative of -k**5/10 + k**4/4 - k**3/3 + k**2 - k. Determine d(m).
-6
Let i(k) = -k + 18. Suppose 5*w - 5*t = -3*t + 48, -5*w = -4*t - 56. What is i(w)?
10
Let y(k) = k**2 + 5*k - 6. Let z be y(-7). Let h = z + -6. Let r(b) = -2*b + b - 3 - h*b - 3*b**2 + b - b**3. Determine r(-3).
3
Let p = -12 + 30. Let a = p + -12. Let n(d) = 6 - 18*d - 21*d - d**2 + 44*d + 0*d**2. Determine n(a).
0
Suppose -81*m + 76*m + 2*y - 37 = 0, 5*y - 5 = 0. Let w(k) = -11*k - 70. What is w(m)?
7
Let u(x) = 9*x**3 - 11*x**2 - 9*x - 19. Let k(z) = -5*z**3 + 5*z**2 + 5*z + 10. Let d(c) = -11*k(c) - 6*u(c). Give d(-11).
15
Let v(c) = c - 1. Let z(y) = -4*y. Let u be z(-6). Let s = -26 + u. What is v(s)?
-3
Suppose 40 - 42 = -u. Let i(p) = 5 - 17*p + 3*p**2 - 4 + 9*p + 6*p + p**3. Determine i(u).
17
Suppose 0 = -3*y + 21 - 30. Let a(d) = -12*d + 1. What is a(y)?
37
Let b(k) = -k**3 - k**2 - k + 4. Let l(x) = x**2 - x. Let j be l(4). Let o be (j/8)/(1/(-14)). Let d be 0/((-7)/(o/6)). Give b(d).
4
Let w(t) = -1 + 4*t + 10*t - 3 - 2*t**2 + 3*t + 5. Give w(9).
-8
Let d(i) = 5*i - 105. Let l be d(22). Let p(s) be the second derivative of -s**5/20 + 5*s**4/12 + s**3/6 + 2*s**2 - s. What is p(l)?
9
Let x(l) be the second derivative of l**3/6 - 2*l**2 - l - 12. Determine x(-2).
-6
Suppose -14 - 6 = -5*k + 5*n, n - 26 = -5*k. Let d(z) be the first derivative of -z**3/3 + 7*z**2/2 - 3*z + 1. What is d(k)?
7
Suppose 0 = h + 2, -a + 5*h - 3*h - 1 = 0. Let z(t) = -t**3 + 2*t**3 - 6 + 4*t**2 - 23*t + 5*t + 9*t + t. Calculate z(a).
9
Let q(d) = -2*d - 11. Suppose -57*h - 306 = -23*h. What is q(h)?
7
Let x(s) = s**2 - 5*s - 3. Let d be x(6). Suppose 8 = -d*k + 7*k. Suppose 5*q + 7 = 2*l, k*l + 8 - 25 = -5*q. Let p(w) = w - 1. What is p(l)?
5
Let t = -2567 - -2573. Let g(v) = -v**3 + 10*v**2 - 2*v - 4. Let s(n) = 2*n**3 - 19*n**2 + 5*n + 9. Let b(m) = -5*g(m) - 3*s(m). What is b(t)?
-1
Let c(f) be the second derivative of f**5/20 - 2*f**4/3 - 4*f**3/3 + 11*f**2/2 + 59*f. Determine c(9).
20
Let q(h) = 8*h + 1 - 9*h + 11*h - 4. Let v(y) = y**3 + 3*y**2 - 2. Let w be v(-2). Calculate q(w).
17
Let h = -8 - -11. Let g(r) = -5*r + 2 + r**2 + 0*r + 2*r. Calculate g(h).
2
Let p(h) = -9 + 431*h**2 - 7 - h**3 + 11 - 448*h**2. Calculate p(-17).
-5
Let o(q) = 4*q + 4. Let n(h) = h + 7. Let d be n(-4). Suppose 2*p + 3*p = -d*v - 5, -45 = -5*v + 5*p. Suppose 5*f = 20, 4*c + 3*f - 15 = v*c. What is o(c)?
-8
Let g(a) be the second derivative of a**5/4 + a**4/4 + a**3/6 - 7*a**2/2 - 33*a. Let s(h) = -6*h**3 - 2*h**2 + 8. Let j(c) = -5*g(c) - 4*s(c). What is j(-6)?
-3
Let t(j) = -j**3 - 7*j**2 - 7*j + 1. Suppose 37*q - 24*q = -65. What is t(q)?
-14
Let p be (-368)/(-115) + 4/5. Suppose 3*l = 3*q - 33, 36 = 2*q - p*l + 4. Let m(z) = -z**3 + 7*z**2 - 6*z + 6. Give m(q).
6
Let n(y) = -2*y**2 + y + 1. Let v(a) = 3*a**2 - a - 2. Let m(j) = 4*n(j) + 3*v(j). Suppose -225*k - 10 = -230*k, 2*h - 14 = -5*k. What is m(h)?
4
Let k be (-3)/((-77)/495 - (-4)/(-9)). Let p(z) be the third derivative of 2*z**2 - 1/24*z**4 - 1/120*z**6 + 0 + 0*z + 1/12*z**5 + 1/3*z**3. Determine p(k).
-3
Let o(d) = 0*d + 8*d**2 - 7 - 9*d**2 + 11*d + 1 + 0. Determine o(8).
18
Let p(t) be the third derivative of t**4/24 - t**3/3 - t**2. Suppose 18 = -2*g - 2*u, -5*g - 15 = -7*u + 6*u. Let m be p(g). Let n(j) = 2*j - 4. Determine n(m).
-16
Let h(d) = d**2. Let a(q) = q**2 - q + 1. Let c(v) = 3*a(v) - 2*h(v). Let r(i) = 2*i + 16. Let z be r(-7). What is c(z)?
1
Let g(z) = -2*z**3 - 22*z**2 + 11*z + 13. Let m(j) = j**3 + 10*j**2 - 6*j - 6. Let d(f) = 2*g(f) + 5*m(f). Give d(-7).
3
Let d(l) = -l**3 + 6*l**2 + 5*l + 3. Let z(j) = j**2 - j - 1. Let g = 27 - 28. Let w(n) = g*d(n) + z(n). Determine w(6).
-4
Suppose -5*c = -p + 36, 4*c + 31 = 3*p - 0*p. Let d(t) = -t**2 - 8*t - 13. What is d(c)?
-6
Let k = 2 - 2. Suppose -3*t - 2*s - 7 = -k*t, 4*t - 2*s = 14. Let g(z) = z - 7*z - 3*z + t. What is g(1)?
-8
Let v(i) = -4*i**2 + 12*i - 7. Let y(a) = -a**2 + a - 3. Let o(t) = -v(t) + 5*y(t). Give o(-7).
-8
Let v = -492 + 1480/3. Let p(d) be the first derivative of -6*d + v*d**3 + 4 - 1/4*d**4 + 7/2*d**2. Give p(5).
4
Let m(p) = -16*p - 145. Let t be m(-9). Let u(x) = 0*x**2 + 1 + 0 + x**2. Determine u(t).
2
Suppose 2*l + 2*l + 28 = 4*w, w - 3*l = 15. Let h(i) = -4*i + 0*i**2 + 210 - 211 + 4*i**2 + 0*i**2 + 0*i**2 - i**3. What is h(w)?
-4
Let z(r) = 2*r**3 + 18*r**2 + 9*r - 6. Let a(q) = q**3 + 9*q**2 + 3*q - 3. Let l(n) = 5*a(n) - 2*z(n). Determine l(-9).
24
Let j(n) = -3 - 49*n**2 - 3*n**3 - 4*n**3 + 2 + 49*n**2. What is j(1)?
-8
Let q(h) be the first derivative of -3*h**4/4 + h**3 + 3*h**2/2 - 2*h + 11. Let k(n) = 7*n**3 - 5*n**2 - 5*n + 4. Let b(r) = 2*k(r) + 5*q(r). Calculate b(6).
-8
Let t(x) = -x**3 - 6*x**2 + 5*x - 17. Suppose 11*f + 58 = -19. Calculate t(f).
-3
Let y(x) = 8*x - 47. Let r be y(7). Let u(o) = 3*o + 11. Give u(r).
38
Let j(b) be the second derivative of b**6/720 + b**5/120 - 3*b**4 - 6*b. Let u(k) be the third derivative of j(k). What is u(3)?
4
Let b(m) = 4*m. Let f(r) = 1. Let v(n) = -n**2 - 23*n - 1. Let g be v(-23). Let l(p) = g*b(p) - 2*f(p). Determine l(2).
-10
Let b(i) be the third derivative of -i**6/144 + i**5/60 + 5*i**4/24 + 23*i**2. Let q(t) be the second derivative of b(t). Determine q(3).
-13
Let g be (5/(-50)*6)/(3/15). Let s(h) = h**3 + 4*h**2 + 2*h - 4. Determine s(g).
-1
Let f(d) = d**2 - 2*d - 2. Let o(q) = 2*q + 18. Let s be o(-7). Suppose -6*g + 5*g + s = 0. Suppose -4*k = 5*l + 1 - 0, g*l + 5*k = -8. What is f(l)?
1
Let j = -17 - -18. Let h(s) = -s**3 + 8*s**2 + s - 5. Let p be h(8). Let n(i) = p - j + 2 - i. Calculate n(2).
2
Let i(a) = 2*a**3 - 3*a**2 - 2*a - 2. Let z(k) = -3*k**3 + 6*k**2 + 4*k + 4. Suppose -1 = 4*x - 13. Let j(m) = x*z(m) + 5*i(m). Give j(-2).
2
Let i(w) = -w**2 - 7*w + 8. Let q = 83 + -90. What is i(q)?
8
Let w(f) = 4*f - 23. Suppose 3*t = 32 - 11. Give w(t).
5
Let a(t) be the first derivative of t**4/4 - 8*t**3/3 + 5*t**2/2 + 5*t + 183. Calculate a(6).
-37
Let r(m) = 6*m - 20. Let s be r(3). Let k(v) = -4*v**2 - 4*v - 2. What is k(s)?
-10
Let u(f) be the first derivative of -5/2*f**2 + 2*f - 8 + 4/3*f**3 - 1/4*f**4. Calculate u(3).
-4
Suppose 56*g = -109 - 59. Let d(h) = 7*h + 1. Determine d(g).
-20
Let q = 55 + -44. Let s(v) = -5*v + 12 - 4 - q + 2*v + v**2. What is s(4)?
1
Suppose z = 4*z - 6. Suppose 4*h + f + 20 = -3*f, z*f + 2 = 0. Let o(j) = -j**3 - 6*j**2 - 6*j - 3. What is o(h)?
-11
Let q(d) = 202*d - 7 - 100*d + d**3 - 111*d - 9*d**2. Give q(10).
3
Let q(l) = l**2 + 6*l + 1. Let b be q(-6). Let z(j) = -3*j**3 - 2*j**2 + 2*j - 1. What is z(b)?
-4
Let t(n) = -12*n - 11. Let x(g) = 7*g + 6. Let h(s) = -6*t(s) - 10*x(s). Give h(0).
6
Let y(r) = r**2 - 2*r - 2. Let g(l) be the second derivative of -l**5/10 - l**4 + 3*l**2/2 - 15*l. Let v be g(-6). What is y(v)?
1
Suppose 0 = -5*c - 20, 5*a + 4*c - 3*c = 1. Let j(r) = -668*r**2 + r**3 + 664*r**2 - 8 + 0*r**3 + a - 3*r. Give j(5).
3
Let r be -8 - 4/(4/(-11)). Let u(h) = -11*h**2 + 5*h + 21. Let z(w) = -5*w**2 + 2*w + 10. Let k(x) = -6*u(x) + 13*z(x). Determine k(r).
1
Suppose 128 = 3*k + 131. Let n(u) = -34*u + 1. What is n(k)?
35
Suppose -4*i - 7 = 1. Let v be 75/65 - i/(-13). Let y(j) = 2 - 6*j - 2 - v + 2*j. Give y(1).
-5
Let s(v) = 5*v - 7. Let o(j) = -j + 1. Let g(z) = 6*o(z) + s(z). Let c = -326 - -326. What is g(c)?
-1
Let h(f) = -f**3 - 9*f**2 + 11*f + 14. Let g be (-290)/25 - (-24)/15. What is h(g)?
4
Let q(j) = j + 4 - 1 + 3 + 2. Let y be q(-8). Let u(t) = y*t - 15 + 16 - t. Give u(-3).
4
Let l be 4/34 + 1248/(-204). Let r